est common factor of 3 and x.
3
Suppose 3*p + 12 = 5*n, -4*p - 2 = n - 3*n. Suppose 3 + p = i. Let l = 4 + 2. Calculate the greatest common factor of i and l.
2
Suppose -3*q = 2*z - 0*z - 164, 2*z = q - 44. What is the highest common divisor of q and 78?
26
Let u(n) = -14*n. Let f be u(-6). What is the greatest common divisor of f and 28?
28
Suppose 2*n + 116 = -2*n. Let i = n - -182. Suppose -2*f - 5*q + 24 = 0, -38 = -5*f - 2*q + 43. What is the highest common divisor of f and i?
17
Let o = -4 - -9. Suppose 13*z = 11*z + 34. Suppose 3*f = -2*h + z, 2*h - 5*f - 24 = -f. Calculate the highest common divisor of o and h.
5
Suppose -20 = -m - 3*m. Suppose 0*q - m*q = -105. What is the highest common divisor of 7 and q?
7
Suppose 0 = -u - 11 + 61. Let t(x) = -3*x - 5. Let f be t(-5). What is the greatest common factor of f and u?
10
Suppose -13*v + 80 = -778. What is the highest common divisor of v and 110?
22
Suppose -8*o = -9*o + 33. What is the highest common factor of 3 and o?
3
Suppose 12 = r - 3*r. Let f = 7 + r. Let o be f + (1 - 0) - -2. Calculate the highest common divisor of o and 10.
2
Let i be 1*(-23)/(-7) + 4/(-14). Let b = -16 + 28. Calculate the highest common factor of b and i.
3
Let d be 1 + 6 + 0 + -3. Let w(q) = 2*q**2 - q + 2. Let m be w(d). What is the greatest common factor of 20 and m?
10
Let x(l) = l**3 - l**2 - 2*l + 2. Let j be x(3). Let g = 14 - -22. Let z = 78 - g. Calculate the greatest common divisor of z and j.
14
Suppose 5*z - 55 = -5*c, -5*c + z - 2*z = -39. Let t = c - 2. What is the highest common factor of t and 40?
5
Let r(u) = u**2 + 2*u + 1. Let d be r(-3). Let s = d - -3. Let j be s/(21/(-30))*-9. What is the greatest common factor of j and 10?
10
Let k = 36 + 6. What is the greatest common factor of 14 and k?
14
Let f(h) = 11*h - 2. Let j be f(2). Suppose 0 = 5*x - 43 - 107. Calculate the greatest common divisor of j and x.
10
Let y(r) = r**3 - 5*r - 8*r - 9 - 11*r**2 + 24 + 0*r. Let q be y(12). Calculate the highest common factor of 27 and q.
3
Let n be (8 - 11)/(-1*1). Suppose 14 = 4*m - 5*d, n*m - 8 = -0*m + 5*d. What is the highest common factor of 3 and m?
3
Let s = 36 - -97. Calculate the greatest common divisor of 19 and s.
19
Let s = -90 + 96. Let w be 165*3/((-15)/(-2)). Calculate the greatest common divisor of w and s.
6
Let b(i) = -2*i + 4. Let z be b(-7). Let n be (120/z)/(1/3). What is the highest common factor of 40 and n?
20
Suppose -39 = -4*c - 7. Let f be (-60)/c*(-48)/10. Suppose -m + 3 = -f. Calculate the highest common factor of m and 26.
13
Let b = -7 - -13. Let u(h) = -9 + 0*h - 2*h - 2*h - h**3 - b*h**2. Let d be u(-6). Calculate the greatest common factor of d and 60.
15
Suppose -3*c = 4*m - 0*c - 6, -2*m + 4*c = -14. Suppose 3*n = 3*l, 5*l - 2*l - 4*n + 2 = 0. What is the greatest common divisor of l and m?
1
Suppose -2 = 2*p - 4*p. What is the highest common divisor of p and 4?
1
Let u(c) = -3 + 0*c + 4*c - c. Let i be u(4). Calculate the highest common divisor of 63 and i.
9
Suppose -7*x + 426 = -3*x + 2*d, -5*x + 531 = 2*d. Calculate the highest common divisor of 15 and x.
15
Suppose -59 = -15*n + 1. What is the highest common factor of 36 and n?
4
Let k = -208 - -307. What is the highest common divisor of k and 11?
11
Let a(y) = -y + 2. Let v be -1*(-9 + 2) + -2. Suppose v*f - f = 0. Let u be a(f). Calculate the greatest common divisor of 3 and u.
1
Let l be 12*5*3/9. What is the highest common factor of 140 and l?
20
Let l = 11 - 11. Suppose 4*x - 3*o + l*o - 50 = 0, x + 2*o = 18. Calculate the greatest common factor of 7 and x.
7
Let k(r) = -r**2 - 5*r - 1. Let z be k(-3). Let x be 4/z*5/(-2). Let y be x/6 - (-96)/18. Calculate the greatest common factor of 45 and y.
5
Let b(r) = r**3 - 8*r**2 - 9*r + 3. Let o be b(9). Let m = o + 1. Suppose -i + m = -0*i. Calculate the greatest common divisor of 4 and i.
4
Suppose 4*m + 4 = 0, m + 15 = 4*s + 2. Suppose 0 = -5*p + 3*u + 2, 7 = 3*p + p + s*u. Calculate the highest common factor of p and 5.
1
Suppose 0 = j - 5 - 28. Let t(z) = 7*z**2 + 3*z - 6*z + z**3 - 4*z - 7 - 3*z**2. Let r be t(-5). Calculate the greatest common divisor of r and j.
3
Let d be (3/(-6))/(1/(-36)). Let s = d + -3. What is the highest common divisor of 10 and s?
5
Suppose -232 = -2*z - 34. What is the highest common divisor of z and 9?
9
Suppose 3*o = -2*n + 210, 168 = 2*o - 4*n + 12. Suppose 3*t - 6*t + o = 0. Suppose -6*m = -m - 80. What is the highest common factor of t and m?
8
Let l(w) = 2*w**2 + 22*w - 6. Let i be l(-17). What is the highest common factor of 18 and i?
18
Let i(g) = 2*g + 252. Let x be i(0). Calculate the highest common divisor of 36 and x.
36
Suppose -2*o + 21 = -o. What is the highest common divisor of o and 105?
21
Let d be ((-2)/(-4))/(3/12). What is the greatest common factor of 4 and d?
2
Suppose -3*n - 5*n = -920. Calculate the highest common factor of n and 23.
23
Let y = 1 + 24. Let a = 35 + -30. What is the highest common divisor of y and a?
5
Let s = -17 - -42. Suppose 0*h + s = 5*h. Suppose -l = -151 + 106. Calculate the greatest common divisor of h and l.
5
Let p be 106/6 + (-2)/(-6). Let g(n) = -n + 18. Let a be g(0). Suppose 0 = -2*i + a. What is the greatest common factor of p and i?
9
Suppose 9*r - 7*r = 162. Suppose 0 = -2*t, -45 = -5*x - 0*x + 4*t. Calculate the greatest common factor of x and r.
9
Let t = 204 + -178. What is the highest common divisor of 130 and t?
26
Let r be ((-20)/(-6) + -4)*-180. Calculate the highest common divisor of r and 12.
12
Let g = 5 + -3. Suppose g*u = -u - 3. Let y be -2*8*(u + 0). Calculate the highest common divisor of 24 and y.
8
Let a(q) = q**3 - 16*q**2 - 6*q. Let h be a(17). Let j = -19 + 36. What is the highest common divisor of j and h?
17
Let q(p) = 6*p**2 + 2*p - 9. Let x be q(7). Suppose 3*t - 260 = -4*o, 4*t - 104 + x = 3*o. What is the highest common divisor of 26 and o?
13
Suppose -3*t + 191 = 5*f, 3*f - t - 123 = -0*t. What is the greatest common factor of f and 30?
10
Let v be (143 - ((2 - 4) + -1)) + -2. What is the greatest common factor of v and 96?
48
Suppose 5*j + 11 = -19. Let d = -6 - j. Suppose d*g = -g + 10. Calculate the greatest common divisor of 30 and g.
10
Let p be (-2904)/(-15) + -2 + 2/5. Let y = -51 - -75. Calculate the greatest common divisor of p and y.
24
Let l = 53 + -40. What is the highest common factor of 130 and l?
13
Let t = 12 + 4. Suppose -q = -3 - 0. Let a be 4/((-131)/44 + q). Calculate the highest common factor of a and t.
16
Suppose -2*f = -2*u + 54, f - 4*u + 5 = -22. Let h(p) = p**2 + 2*p + 2. Let s be h(-2). Let l be -1*(f + s + -3). What is the greatest common factor of l and 7?
7
Let h be ((-12)/(-9))/((-1)/(-6)). What is the greatest common factor of 8 and h?
8
Suppose -3*z = -3*u, u = z + 4*u - 16. Suppose 3*a - 4*a = -z. Suppose -5*r + 71 = -4*l, -3*l = -a*r + 2*l + 64. What is the highest common factor of 77 and r?
11
Let w be ((-8)/(-6))/((-7)/(5145/(-10))). What is the highest common factor of w and 14?
14
Let d(v) = v**2 + 4*v + 5. Let z be d(-5). What is the highest common divisor of z and 20?
10
Let u(a) = a**3 + a**2 - 3*a - 3. Let q be 2/(-4)*(4 - 0). Let n be u(q). Let r = 2 + n. Calculate the highest common factor of 3 and r.
1
Let u be (-2)/(2*1/(-15)). Suppose 0 = -6*n + 5*n + 3. What is the highest common divisor of n and u?
3
Let r be (0 + -2)*5/(-2). Suppose -6*t + r*t + 132 = 0. Suppose -4*x + t = -x. Calculate the highest common factor of x and 66.
22
Suppose 3*j - 3*x = 672, 0*j - 3*x - 232 = -j. What is the greatest common divisor of 20 and j?
20
Let s = 2 - -6. Let l(u) = u**2 + 4*u + 4. Let k be l(6). Calculate the highest common factor of s and k.
8
Let m be (-1 + 13)/(54/936). Calculate the greatest common factor of m and 26.
26
Let o be 556/16 - 1/(-4). Suppose -3*m - 5 - 36 = -5*x, 2*x + 5*m = o. Calculate the greatest common factor of 30 and x.
10
Let x be 9/3 - (-1 - 4). What is the greatest common divisor of 12 and x?
4
Let b(f) = -2*f - 2. Suppose 4*c = -2 + 14. Suppose 10 = -c*k - 2. Let o be b(k). What is the highest common factor of 6 and o?
6
Suppose -25 = -k - 5*v, -5*v - 40 = 4*k - 110. Let h = 233 + -98. Calculate the highest common factor of h and k.
15
Let o be (2 + 58/(-8))*224/(-12). What i